 + 29. List the prime factors of s(78).
26003
Let p(b) = -b**2 + 13*b - 33. Let i be p(9). Suppose -702 = -3*h + i*f, 0*h - 5*h + 1190 = 5*f. What are the prime factors of h?
2, 59
Suppose -2*c - 18 = 2*b + 2*c, 4*b - 2*c = 14. Let v(q) = -q + 1. Let a(n) = 9*n - 8. Let i(x) = b*a(x) - 4*v(x). What are the prime factors of i(7)?
79
Suppose -1 = 5*p - s, 0*s = 3*p - s + 1. Suppose -5*q - 4*z - 109 = p, -q - 5*z - 9 = 17. What are the prime factors of 3/(-18)*22*q?
7, 11
Suppose 4*o + 9 = 21, 0 = 5*d + o - 1233. Suppose -2*w + g + 179 = 0, 5*w + 3*g = 2*w + d. Suppose -w*z + 335 = -82*z. List the prime factors of z.
67
Let m(k) = -2118*k - 856. List the prime factors of m(-7).
2, 5, 11, 127
Let l(u) = 8*u**2 - 13*u - 22. Suppose 0 = -8*i - 35 + 3. What are the prime factors of l(i)?
2, 79
Suppose 5*m - 13 = 2. Suppose 16*y - 1391 = 12*y - m*g, -5*y + 1744 = 2*g. List the prime factors of y.
2, 5, 7
Let u(a) = 3*a**2 + 8*a**2 + 15*a**2 - 25*a**2 - 74 - 16*a. What are the prime factors of u(-37)?
3, 17, 37
Suppose -8*r + 2754 = -9534. Suppose 1545 = -c + 5*c + m, -4*m = 4*c - r. List the prime factors of c.
3, 43
Let t = -175 - -180. Suppose -t*y - 45 = d - 187, 0 = y + 3. What are the prime factors of d?
157
Let o = 6921 - -383. List the prime factors of o.
2, 11, 83
Let f = 1363 + 6202. List the prime factors of f.
5, 17, 89
Suppose -13*p - 4728850 = -308*p. List the prime factors of p.
2, 5, 7, 229
Let m(f) be the first derivative of f**5/60 + f**4/4 + 2*f**3/3 - f**2/2 + 16. Let u(y) be the second derivative of m(y). What are the prime factors of u(6)?
2, 19
Let c(z) = -4008*z - 10464. List the prime factors of c(-5).
2, 3, 7, 19
Suppose 0 = -2*d + d, -2*f - 2*d - 90 = 0. Let z = 49 + f. Suppose 49 = z*m - 47. List the prime factors of m.
2, 3
Suppose 0 + 6 = 3*k. Let s be k/(-9) + (-22336)/(-72). Suppose 6*r - s - 1046 = 0. What are the prime factors of r?
2, 113
Let w(y) = 589*y - 785. What are the prime factors of w(8)?
3, 7, 11, 17
Let v(k) = -100*k**3 + k + 2. Let w(h) = h**2 + 15*h + 13. Let r be w(-16). Let l = r - 30. List the prime factors of v(l).
101
Let c(p) = 5 - 2*p + 4*p - 9*p - 6. Let u be c(-6). Suppose -u = 6*t - 401. List the prime factors of t.
2, 3, 5
Let i(g) = -g**3 - 20*g**2 - 23*g + 13. Let d be ((-4)/18 - (-18)/81) + -18. Let x be i(d). Let o = -132 - x. What are the prime factors of o?
89
Let f = -13 + 16. Let u(c) = -3 - f + 5*c + 1 + 2*c**2 + 4*c. List the prime factors of u(-7).
2, 3, 5
Let p = 47 - 45. Suppose 4*x - 1910 = 3*s + 1622, -5*x + p*s + 4422 = 0. List the prime factors of x.
2, 443
Suppose 2*o - 77*o = -126268 - 711707. What are the prime factors of o?
11173
Let k(h) = 7*h**2 - h**3 + 6*h + 0*h**2 + 0*h**2 - 3*h**2 - 13. Let a be k(4). Suppose 2*r - a - 17 = 0. What are the prime factors of r?
2, 7
List the prime factors of ((-6)/(-10))/(-3) + (50242192/110)/26.
11, 1597
Suppose -3*k + 5*k = 4*i + 3978, -5*k + i = -9936. Suppose -2*t = -2, 3*u - 2*t - k = -0*u. What are the prime factors of u?
3, 13, 17
Let r(i) = i**3 + 53*i**2 + 416*i - 48. What are the prime factors of r(-37)?
2, 101
Let u be 4/(-6) + (-85)/3. Suppose 0 = -3*f - 3, -p = -241*f + 244*f - 65. Let i = p - u. List the prime factors of i.
97
Let v(y) = -y**2 - 19*y - 2. Let g be v(-18). Suppose -43 = 9*r - g. What are the prime factors of (-1908)/8*2/r?
3, 53
Let o(m) = 8*m + 107. Suppose -22 = -35*u + 33*u. What are the prime factors of o(u)?
3, 5, 13
Suppose 60*l = 55*l + 26740. What are the prime factors of l?
2, 7, 191
Let z(a) = a**3 + a**2 + 2*a + 85. Suppose 5*d - 4*h = -10, -4*h + 14 = 4*d - 14. Suppose -4*i = -d*i - i. What are the prime factors of z(i)?
5, 17
Suppose 4*m - 6792 = 2*n, 994 = m - 4*n - 704. Suppose 11*k - 1316 - m = 0. What are the prime factors of k?
2, 137
Let i = 269 + -262. List the prime factors of (-11600)/(-28) + (-2)/i.
2, 3, 23
Let j = -11031 + 19789. What are the prime factors of j?
2, 29, 151
List the prime factors of (6 - 3937)/(6*(-9)/108).
2, 3931
Suppose 3*v - 678 = 4*b, -v - 4*b = -2*v + 226. Let c = -160 + v. What are the prime factors of c?
2, 3, 11
Let a(x) = -x**3 - 2*x**2 - 46*x + 7841. List the prime factors of a(0).
7841
Suppose 0 = 10*a + 580 - 140. Let t be 6*-6*(-4)/((-32)/a). Suppose -3*c + 7*c = y - 42, 0 = -4*y + c + t. What are the prime factors of y?
2, 5
Let g be (7/14)/(-2*3/(-108)). What are the prime factors of ((-57)/g + 6)*19*-3?
19
What are the prime factors of 18799 + -21 + 1 + -3 + (-26 - -21)?
3, 6257
Let c(x) = 40*x**2 - 78*x + 1149. What are the prime factors of c(15)?
3, 41, 73
Let q = -42090 + 63892. What are the prime factors of q?
2, 11, 991
What are the prime factors of -2*(-20)/(-15) - 347260/(-60)?
5, 13, 89
Suppose 4958 = 6*u - 580. Suppose -37*q + y - 929 = -38*q, -q - 3*y = -u. What are the prime factors of q?
2, 233
Let k(c) = 100*c**3 - 2*c**2 - c + 2. Let l be k(1). Suppose 3*q - 5*r - 323 = l, -3*r - 3 = 0. What are the prime factors of q?
139
Suppose 18 = 4*a - 2. Suppose -f = a*f - 300. Suppose 13*r = 14*r - f. What are the prime factors of r?
2, 5
Suppose 10*t - 11*t = -2. Let i be (60/9)/(t/(-9)). Let w = i - -76. What are the prime factors of w?
2, 23
Let j = 41 + -41. Suppose 2*n + 18 = 3*s, n - 1 + j = -s. Suppose 3*q + z - 710 = 2*z, 4*q - s*z - 960 = 0. List the prime factors of q.
5, 47
Let n(l) = 7801*l**3 - 8*l + 8. List the prime factors of n(1).
29, 269
Suppose -t - 1170 = 5*t. Let i = -6 - t. Suppose -3*z - 6*z + i = 0. What are the prime factors of z?
3, 7
What are the prime factors of 186*-16*(-85)/68?
2, 3, 5, 31
Let t(h) = 62593*h**2 + 12*h + 3. List the prime factors of t(-1).
2, 7823
Let b(k) = -3*k**3 + 25*k**2 + 644*k + 3. What are the prime factors of b(-17)?
3, 3673
Let j be 177430/66 - (-3)/(-9). Suppose -o + j = 41*o. List the prime factors of o.
2
Let n(m) = 4144*m - 387. What are the prime factors of n(11)?
45197
Let z(l) = -l**2 - 3*l + 20. Let p be z(3). Suppose u - 4*g + 1 - 36 = 0, -88 = -2*u + p*g. List the prime factors of u.
47
Let k be (20/(-15) - 8)*1*6. Let w be (-66)/99 + (-1 - k/3). Suppose 229 = 2*o - w. List the prime factors of o.
3, 41
Suppose 4*h - 4*j = 9084, -h + 3*j + 11345 = 4*h. What are the prime factors of h?
2, 11, 103
Suppose 0 = -4*b - 2*m - 74, 0 = 5*b - 3*m + 359 - 283. Let v = 63 - 17. Let o = v + b. List the prime factors of o.
29
Suppose -104 - 19 = -3*l. Let b = l - -71. Suppose -2*j = -b - 78. What are the prime factors of j?
5, 19
Suppose 2*b - 884 = 5*r, 0 = 3*b + 2*b - 2*r - 2252. Suppose 26*p - 72 = 318. List the prime factors of b/2*p/30.
113
Suppose -3*y + 165 = -4*j - 234, 0 = -2*y - 5*j + 243. Suppose -51 - 6 = -d - 5*t, -2*d = 5*t - y. List the prime factors of d.
2, 3
Let d(t) = 17 + 23 + 0*t + t**2 - t. Suppose 9*g - 65*g = 728. What are the prime factors of d(g)?
2, 3, 37
Suppose x = -j - 5, -x - 2*j + 4 = 10. List the prime factors of 1/x + 5010/40.
5
Suppose -3*q - 105 = 4*q. Let u(g) = -g**3 - 14*g**2 + 5*g - 40. Let n be u(q). List the prime factors of n - 3/(12/8).
2, 3
Let h = 63 - 37. Let o = 808 + -793. Let d = o + h. List the prime factors of d.
41
Let x(g) = 8*g**2 + 94*g + 19. What are the prime factors of x(-21)?
11, 13
Let g(q) = -8*q**3 - 5*q**2 + 8*q + 33. Suppose 8 = -14*v + 12*v. What are the prime factors of g(v)?
433
Let s = -812 - -822. Let y(w) = 20*w**2 - 48*w + 15. What are the prime factors of y(s)?
5, 307
Suppose -o + 3*z - 912 = 0, 0*o - 4*z + 3664 = -4*o. Let l = -374 - o. What are the prime factors of l?
2, 17
Let k(c) = c**3 + 92*c**2 - 310*c - 1607. List the prime factors of k(-87).
2, 7901
Suppose 25303*b - 25335*b = -2860128. What are the prime factors of b?
3, 9931
Suppose 10 = 2*v - 3*o, 17*v = 20*v + 4*o + 2. List the prime factors of (v - 1)/(-1 - 3004/(-3002)).
19, 79
Suppose -3230*r + 175140 = -3216*r. What are the prime factors of r?
2, 3, 5, 139
Let a(z) = -6*z**3 + 9*z**2 + 14*z + 3. Let v(y) = -3*y**2 + 8. Let s be v(-2). What are the prime factors of a(s)?
5, 19
Suppose -4*k - 3*j = -16447, 130*j = k + 133*j - 4114. What are the prime factors of k?
4111
Suppose 1443 = -2*q + 5*h, -3*q - 241 = -h + 1956. Let x = -484 - q. List the prime factors of x.
2, 5
Suppose 14*h = 10*h + 187459 + 25369. What are the prime factors of h?
7, 11, 691
L